{"id":5992,"date":"2015-04-12T21:58:46","date_gmt":"2015-04-12T19:58:46","guid":{"rendered":"http:\/\/www.robe.world\/lex\/?page_id=5992"},"modified":"2018-10-10T05:50:19","modified_gmt":"2018-10-10T03:50:19","slug":"sri-lanka-2015","status":"publish","type":"page","link":"https:\/\/www.robe.world\/lex\/reisen\/sri-lanka-2015\/","title":{"rendered":"Sri Lanka 2015"},"content":{"rendered":"<p style=\"text-align: left;\" align=\"center\"><a href=\"http:\/\/www.robe.world\/lex\/wp-content\/uploads\/2015\/04\/S16_li.png\"><img decoding=\"async\" class=\"alignleft size-medium wp-image-5989\" src=\"http:\/\/www.robe.world\/lex\/wp-content\/uploads\/2015\/04\/S16_li-300x211.png\" alt=\"S16_li\" width=\"300\" height=\"211\" srcset=\"https:\/\/www.robe.world\/lex\/wp-content\/uploads\/2015\/04\/S16_li-300x211.png 300w, https:\/\/www.robe.world\/lex\/wp-content\/uploads\/2015\/04\/S16_li.png 900w\" sizes=\"(max-width: 300px) 100vw, 300px\" \/><\/a><a href=\"http:\/\/www.robe.world\/lex\/wp-content\/uploads\/2015\/04\/S19_li.png\"><img decoding=\"async\" class=\"alignright size-medium wp-image-5988\" src=\"http:\/\/www.robe.world\/lex\/wp-content\/uploads\/2015\/04\/S19_li-300x211.png\" alt=\"S19_li\" width=\"300\" height=\"211\" srcset=\"https:\/\/www.robe.world\/lex\/wp-content\/uploads\/2015\/04\/S19_li-300x211.png 300w, https:\/\/www.robe.world\/lex\/wp-content\/uploads\/2015\/04\/S19_li.png 900w\" sizes=\"(max-width: 300px) 100vw, 300px\" \/><\/a>Statt Fasching zu Hause hie\u00df es w\u00e4hrend der Energieferien 2015: &#8222;Pack ma uns zsamm und fahr&#8216; ma ans andere Ende der Welt!&#8220;<\/p>\n<p style=\"text-align: left;\" align=\"center\">Mit &#8222;wir&#8220; war diesmal die gesamte Rob\u00e9-Zechner-Sippe gemeint &#8211; inklusive Erwin mit seinen 89 Lenzen. Es sollten 10 wunderbare Tage werden, in denen wir Winter-K\u00e4lte gegen Summer-Feeling eintauschten&#8230;<\/p>\n<div class=\"fusion-fullwidth fullwidth-box fusion-builder-row-1 hundred-percent-fullwidth non-hundred-percent-height-scrolling\" style=\"--awb-border-radius-top-left:0px;--awb-border-radius-top-right:0px;--awb-border-radius-bottom-right:0px;--awb-border-radius-bottom-left:0px;--awb-overflow:visible;--awb-margin-top:10px;--awb-background-color:rgba(255,255,255,0);--awb-flex-wrap:wrap;\" ><div class=\"fusion-builder-row fusion-row\"><div class=\"fusion-layout-column fusion_builder_column fusion-builder-column-0 fusion_builder_column_1_1 1_1 fusion-one-full fusion-column-first fusion-column-last fusion-column-no-min-height\" style=\"--awb-bg-size:cover;--awb-margin-bottom:0px;\"><div class=\"fusion-column-wrapper fusion-flex-column-wrapper-legacy\"><div class=\"fusion-sep-clear\"><\/div><div class=\"fusion-separator fusion-full-width-sep\" style=\"margin-left: auto;margin-right: auto;width:100%;\"><div class=\"fusion-separator-border sep-shadow\" style=\"--awb-height:20px;--awb-amount:20px;background:radial-gradient(ellipse at 50% -50% , #3e3e3e 0px, rgba(255, 255, 255, 0) 80%) repeat scroll 0 0 rgba(0, 0, 0, 0);background:-webkit-radial-gradient(ellipse at 50% -50% , #3e3e3e 0px, rgba(255, 255, 255, 0) 80%) repeat scroll 0 0 rgba(0, 0, 0, 0);background:-moz-radial-gradient(ellipse at 50% -50% , #3e3e3e 0px, rgba(255, 255, 255, 0) 80%) repeat scroll 0 0 rgba(0, 0, 0, 0);background:-o-radial-gradient(ellipse at 50% -50% , #3e3e3e 0px, rgba(255, 255, 255, 0) 80%) repeat scroll 0 0 rgba(0, 0, 0, 0);\"><\/div><\/div><div class=\"fusion-sep-clear\"><\/div><div class=\"fusion-clearfix\"><\/div><\/div><\/div><\/div><\/div><div class=\"fusion-fullwidth fullwidth-box fusion-builder-row-2 hundred-percent-fullwidth non-hundred-percent-height-scrolling\" style=\"--awb-border-radius-top-left:0px;--awb-border-radius-top-right:0px;--awb-border-radius-bottom-right:0px;--awb-border-radius-bottom-left:0px;--awb-overflow:visible;--awb-flex-wrap:wrap;\" ><div class=\"fusion-builder-row fusion-row\"><div class=\"fusion-layout-column fusion_builder_column fusion-builder-column-1 fusion_builder_column_1_1 1_1 fusion-one-full fusion-column-first fusion-column-last fusion-column-no-min-height\" style=\"--awb-bg-size:cover;--awb-margin-bottom:0px;\"><div class=\"fusion-column-wrapper fusion-flex-column-wrapper-legacy\"><div class=\"fusion-title title fusion-title-1 fusion-title-text fusion-title-size-two\"><h2 class=\"fusion-title-heading title-heading-left\" style=\"margin:0;\">Hinweise:<\/h2><span class=\"awb-title-spacer\"><\/span><div class=\"title-sep-container\"><div class=\"title-sep sep-double sep-solid\" style=\"border-color:#3e3e3e;\"><\/div><\/div><\/div>Die Erinnerungen sind in 3 Teile gegliedert:<\/p>\n<ul>\n<li>Ein Fotobuch<\/li>\n<li>einzelne Fotos in hoher Aufl\u00f6sung<\/li>\n<li>und ein 38-min\u00fctiges Video mit einem Hauch von James-Bond-Feeling  <img src='https:\/\/www.robe.world\/lex\/wp-content\/plugins\/wp-monalisa\/icons\/cool.gif' alt=':cool' width='16' height='16' class='wpml_ico' \/> <\/li>\n<\/ul>\n<p>Alle Bereiche k\u00f6nnen \u00fcber den Navigationsbereich links angew\u00e4hlt werden<div class=\"fusion-clearfix\"><\/div><\/div><\/div><div class=\"fusion-layout-column fusion_builder_column fusion-builder-column-2 fusion_builder_column_1_1 1_1 fusion-one-full fusion-column-first fusion-column-last fusion-column-no-min-height\" style=\"--awb-bg-size:cover;--awb-margin-bottom:0px;\"><div class=\"fusion-column-wrapper fusion-flex-column-wrapper-legacy\"><ul style=\"--awb-iconcolor:#ffffff;--awb-line-height:23.8px;--awb-icon-width:23.8px;--awb-icon-height:23.8px;--awb-icon-margin:9.8px;--awb-content-margin:33.6px;\" class=\"fusion-checklist fusion-checklist-1 fusion-checklist-default type-icons\">\n\n<li class=\"fusion-li-item\" style=\"\"><span class=\"icon-wrapper circle-no\"><i class=\"fusion-li-icon fa fa-star\" aria-hidden=\"true\"><\/i><\/span><div class=\"fusion-li-item-content\">Es ist m\u00f6glich, im Fotobuch bestimmte Bilder aus der linken \u00dcbersicht direkt anzuw\u00e4hlen, einzeln durchzuklicken bzw eine Diashow zu starten. Diese ist standardm\u00e4\u00dfig auf 9 Sekunden eingestellt&#8230;<\/div><\/li>\n<li class=\"fusion-li-item\" style=\"\"><span class=\"icon-wrapper circle-no\"><i class=\"fusion-li-icon fa fa-star\" aria-hidden=\"true\"><\/i><\/span><div class=\"fusion-li-item-content\">Das Fotobuch startet standardm\u00e4\u00dfig mit Musik. Am unteren Bildrand kann diese gesteuert werden.<\/div><\/li>\n<li class=\"fusion-li-item\" style=\"\"><span class=\"icon-wrapper circle-no\"><i class=\"fusion-li-icon fa fa-star\" aria-hidden=\"true\"><\/i><\/span><div class=\"fusion-li-item-content\"><\/div><\/li>Mit der &#8222;F11&#8220;-Taste kann beim Browser in den Vollbildmodus gewechselt werden<\/ul><\/li>\n<\/ul>\n<p>&nbsp;<\/p>\n<div class=\"fusion-clearfix\"><\/div><\/div><\/div><\/div><\/div>\n","protected":false},"excerpt":{"rendered":"<p>Statt Fasching zu Hause hie\u00df es w\u00e4hrend der Energieferien 2015: &#8222;Pack ma uns zsamm und fahr&#8216; ma ans andere Ende der Welt!&#8220; Mit &#8222;wir&#8220; war diesmal die gesamte Rob\u00e9-Zechner-Sippe gemeint &#8211; inklusive Erwin mit seinen 89 Lenzen. Es sollten 10 wunderbare Tage werden, in denen wir Winter-K\u00e4lte gegen Summer-Feeling eintauschten&#8230;<\/p>\n","protected":false},"author":1,"featured_media":0,"parent":5090,"menu_order":38,"comment_status":"open","ping_status":"closed","template":"","meta":{"footnotes":""},"class_list":["post-5992","page","type-page","status-publish","hentry"],"yoast_head":"<!-- This site is optimized with the Yoast SEO plugin v26.4 - https:\/\/yoast.com\/wordpress\/plugins\/seo\/ -->\n<title>Sri Lanka 2015 - Alexander Rob\u00e9<\/title>\n<meta name=\"robots\" content=\"index, follow, max-snippet:-1, max-image-preview:large, max-video-preview:-1\" \/>\n<link rel=\"canonical\" href=\"https:\/\/www.robe.world\/lex\/reisen\/sri-lanka-2015\/\" \/>\n<meta property=\"og:locale\" content=\"de_DE\" \/>\n<meta property=\"og:type\" content=\"article\" \/>\n<meta property=\"og:title\" content=\"Sri Lanka 2015 - Alexander Rob\u00e9\" \/>\n<meta property=\"og:description\" content=\"Statt Fasching zu Hause hie\u00df es w\u00e4hrend der Energieferien 2015: &#8222;Pack ma uns zsamm und fahr&#8216; ma ans andere Ende der Welt!&#8220; Mit &#8222;wir&#8220; war diesmal die gesamte Rob\u00e9-Zechner-Sippe gemeint &#8211; inklusive Erwin mit seinen 89 Lenzen. Es sollten 10 wunderbare Tage werden, in denen wir Winter-K\u00e4lte gegen Summer-Feeling eintauschten&#8230;\" \/>\n<meta property=\"og:url\" content=\"https:\/\/www.robe.world\/lex\/reisen\/sri-lanka-2015\/\" \/>\n<meta property=\"og:site_name\" content=\"Alexander Rob\u00e9\" \/>\n<meta property=\"article:publisher\" content=\"https:\/\/www.facebook.com\/lexrobe\" \/>\n<meta property=\"article:modified_time\" content=\"2018-10-10T03:50:19+00:00\" \/>\n<meta property=\"og:image\" content=\"http:\/\/www.robe.world\/lex\/wp-content\/uploads\/2015\/04\/S16_li-300x211.png\" \/>\n<meta name=\"twitter:label1\" content=\"Gesch\u00e4tzte Lesezeit\" \/>\n\t<meta name=\"twitter:data1\" content=\"2\u00a0Minuten\" \/>\n<script type=\"application\/ld+json\" class=\"yoast-schema-graph\">{\"@context\":\"https:\/\/schema.org\",\"@graph\":[{\"@type\":\"WebPage\",\"@id\":\"https:\/\/www.robe.world\/lex\/reisen\/sri-lanka-2015\/\",\"url\":\"https:\/\/www.robe.world\/lex\/reisen\/sri-lanka-2015\/\",\"name\":\"Sri Lanka 2015 - Alexander Rob\u00e9\",\"isPartOf\":{\"@id\":\"https:\/\/www.robe.world\/lex\/#website\"},\"primaryImageOfPage\":{\"@id\":\"https:\/\/www.robe.world\/lex\/reisen\/sri-lanka-2015\/#primaryimage\"},\"image\":{\"@id\":\"https:\/\/www.robe.world\/lex\/reisen\/sri-lanka-2015\/#primaryimage\"},\"thumbnailUrl\":\"http:\/\/www.robe.world\/lex\/wp-content\/uploads\/2015\/04\/S16_li-300x211.png\",\"datePublished\":\"2015-04-12T19:58:46+00:00\",\"dateModified\":\"2018-10-10T03:50:19+00:00\",\"breadcrumb\":{\"@id\":\"https:\/\/www.robe.world\/lex\/reisen\/sri-lanka-2015\/#breadcrumb\"},\"inLanguage\":\"de\",\"potentialAction\":[{\"@type\":\"ReadAction\",\"target\":[\"https:\/\/www.robe.world\/lex\/reisen\/sri-lanka-2015\/\"]}]},{\"@type\":\"ImageObject\",\"inLanguage\":\"de\",\"@id\":\"https:\/\/www.robe.world\/lex\/reisen\/sri-lanka-2015\/#primaryimage\",\"url\":\"https:\/\/www.robe.world\/lex\/wp-content\/uploads\/2015\/04\/S16_li.png\",\"contentUrl\":\"https:\/\/www.robe.world\/lex\/wp-content\/uploads\/2015\/04\/S16_li.png\",\"width\":900,\"height\":633},{\"@type\":\"BreadcrumbList\",\"@id\":\"https:\/\/www.robe.world\/lex\/reisen\/sri-lanka-2015\/#breadcrumb\",\"itemListElement\":[{\"@type\":\"ListItem\",\"position\":1,\"name\":\"Home\",\"item\":\"https:\/\/www.robe.world\/lex\/\"},{\"@type\":\"ListItem\",\"position\":2,\"name\":\"Reisen\",\"item\":\"https:\/\/www.robe.world\/lex\/reisen\/\"},{\"@type\":\"ListItem\",\"position\":3,\"name\":\"Sri Lanka 2015\"}]},{\"@type\":\"WebSite\",\"@id\":\"https:\/\/www.robe.world\/lex\/#website\",\"url\":\"https:\/\/www.robe.world\/lex\/\",\"name\":\"Alexander Rob\u00e9\",\"description\":\"blogging since 1997\",\"potentialAction\":[{\"@type\":\"SearchAction\",\"target\":{\"@type\":\"EntryPoint\",\"urlTemplate\":\"https:\/\/www.robe.world\/lex\/?s={search_term_string}\"},\"query-input\":{\"@type\":\"PropertyValueSpecification\",\"valueRequired\":true,\"valueName\":\"search_term_string\"}}],\"inLanguage\":\"de\"}]}<\/script>\n<!-- \/ Yoast SEO plugin. -->","yoast_head_json":{"title":"Sri Lanka 2015 - Alexander Rob\u00e9","robots":{"index":"index","follow":"follow","max-snippet":"max-snippet:-1","max-image-preview":"max-image-preview:large","max-video-preview":"max-video-preview:-1"},"canonical":"https:\/\/www.robe.world\/lex\/reisen\/sri-lanka-2015\/","og_locale":"de_DE","og_type":"article","og_title":"Sri Lanka 2015 - Alexander Rob\u00e9","og_description":"Statt Fasching zu Hause hie\u00df es w\u00e4hrend der Energieferien 2015: &#8222;Pack ma uns zsamm und fahr&#8216; ma ans andere Ende der Welt!&#8220; Mit &#8222;wir&#8220; war diesmal die gesamte Rob\u00e9-Zechner-Sippe gemeint &#8211; inklusive Erwin mit seinen 89 Lenzen. Es sollten 10 wunderbare Tage werden, in denen wir Winter-K\u00e4lte gegen Summer-Feeling eintauschten&#8230;","og_url":"https:\/\/www.robe.world\/lex\/reisen\/sri-lanka-2015\/","og_site_name":"Alexander Rob\u00e9","article_publisher":"https:\/\/www.facebook.com\/lexrobe","article_modified_time":"2018-10-10T03:50:19+00:00","og_image":[{"url":"http:\/\/www.robe.world\/lex\/wp-content\/uploads\/2015\/04\/S16_li-300x211.png","type":"","width":"","height":""}],"twitter_misc":{"Gesch\u00e4tzte Lesezeit":"2\u00a0Minuten"},"schema":{"@context":"https:\/\/schema.org","@graph":[{"@type":"WebPage","@id":"https:\/\/www.robe.world\/lex\/reisen\/sri-lanka-2015\/","url":"https:\/\/www.robe.world\/lex\/reisen\/sri-lanka-2015\/","name":"Sri Lanka 2015 - Alexander Rob\u00e9","isPartOf":{"@id":"https:\/\/www.robe.world\/lex\/#website"},"primaryImageOfPage":{"@id":"https:\/\/www.robe.world\/lex\/reisen\/sri-lanka-2015\/#primaryimage"},"image":{"@id":"https:\/\/www.robe.world\/lex\/reisen\/sri-lanka-2015\/#primaryimage"},"thumbnailUrl":"http:\/\/www.robe.world\/lex\/wp-content\/uploads\/2015\/04\/S16_li-300x211.png","datePublished":"2015-04-12T19:58:46+00:00","dateModified":"2018-10-10T03:50:19+00:00","breadcrumb":{"@id":"https:\/\/www.robe.world\/lex\/reisen\/sri-lanka-2015\/#breadcrumb"},"inLanguage":"de","potentialAction":[{"@type":"ReadAction","target":["https:\/\/www.robe.world\/lex\/reisen\/sri-lanka-2015\/"]}]},{"@type":"ImageObject","inLanguage":"de","@id":"https:\/\/www.robe.world\/lex\/reisen\/sri-lanka-2015\/#primaryimage","url":"https:\/\/www.robe.world\/lex\/wp-content\/uploads\/2015\/04\/S16_li.png","contentUrl":"https:\/\/www.robe.world\/lex\/wp-content\/uploads\/2015\/04\/S16_li.png","width":900,"height":633},{"@type":"BreadcrumbList","@id":"https:\/\/www.robe.world\/lex\/reisen\/sri-lanka-2015\/#breadcrumb","itemListElement":[{"@type":"ListItem","position":1,"name":"Home","item":"https:\/\/www.robe.world\/lex\/"},{"@type":"ListItem","position":2,"name":"Reisen","item":"https:\/\/www.robe.world\/lex\/reisen\/"},{"@type":"ListItem","position":3,"name":"Sri Lanka 2015"}]},{"@type":"WebSite","@id":"https:\/\/www.robe.world\/lex\/#website","url":"https:\/\/www.robe.world\/lex\/","name":"Alexander Rob\u00e9","description":"blogging since 1997","potentialAction":[{"@type":"SearchAction","target":{"@type":"EntryPoint","urlTemplate":"https:\/\/www.robe.world\/lex\/?s={search_term_string}"},"query-input":{"@type":"PropertyValueSpecification","valueRequired":true,"valueName":"search_term_string"}}],"inLanguage":"de"}]}},"_links":{"self":[{"href":"https:\/\/www.robe.world\/lex\/wp-json\/wp\/v2\/pages\/5992","targetHints":{"allow":["GET"]}}],"collection":[{"href":"https:\/\/www.robe.world\/lex\/wp-json\/wp\/v2\/pages"}],"about":[{"href":"https:\/\/www.robe.world\/lex\/wp-json\/wp\/v2\/types\/page"}],"author":[{"embeddable":true,"href":"https:\/\/www.robe.world\/lex\/wp-json\/wp\/v2\/users\/1"}],"replies":[{"embeddable":true,"href":"https:\/\/www.robe.world\/lex\/wp-json\/wp\/v2\/comments?post=5992"}],"version-history":[{"count":7,"href":"https:\/\/www.robe.world\/lex\/wp-json\/wp\/v2\/pages\/5992\/revisions"}],"predecessor-version":[{"id":6339,"href":"https:\/\/www.robe.world\/lex\/wp-json\/wp\/v2\/pages\/5992\/revisions\/6339"}],"up":[{"embeddable":true,"href":"https:\/\/www.robe.world\/lex\/wp-json\/wp\/v2\/pages\/5090"}],"wp:attachment":[{"href":"https:\/\/www.robe.world\/lex\/wp-json\/wp\/v2\/media?parent=5992"}],"curies":[{"name":"wp","href":"https:\/\/api.w.org\/{rel}","templated":true}]}}