{"id":5242,"date":"2013-10-19T16:41:51","date_gmt":"2013-10-19T14:41:51","guid":{"rendered":"http:\/\/www.robe.world\/lex\/?page_id=5242"},"modified":"2018-10-10T04:36:15","modified_gmt":"2018-10-10T02:36:15","slug":"namibia-1999","status":"publish","type":"page","link":"https:\/\/www.robe.world\/lex\/reisen\/namibia-1999\/","title":{"rendered":"NAMIBIA 1999"},"content":{"rendered":"<p align=\"left\">Noch vor Semesterbeginn lud das Institut f\u00fcr F\u00f6rdertechnik und Konstruktionslehre zur j\u00e4hrlichen (in Zukunft: biennalen) &#8222;Pflichtexkursion&#8220;. Diesmal sollte es allerdings nicht wie \u00fcblich nach Deutschland gehen, sondern etwas exotischer werden:<\/p>\n<p align=\"left\">NAMIBIA hie\u00df das Reiseziel!!<\/p>\n<p align=\"left\">F\u00fcr einen auf die Studentenbrieftasche zugeschnittenen Unkostenbeitrag waren also 15 pflichtbewusste Studenten auf dem Weg zu Sonne, D\u00fcnen, Minen, Maschinen und einem f\u00fcr uns Durchschnitts-Euro-Bauern neuen Kulturkreis.<\/p>\n<p align=\"left\">Trotz des dicht gedr\u00e4ngten wissenschaftlichen Programms blieb ausreichend Zeit sich dem zu widmen, was den Unterschied zur<br \/>\netwa 10.000 km entfernten Heimat ausmacht:<\/p>\n<ul>\n<li>\n<p align=\"left\">die gr\u00f6\u00dften Wanderd\u00fcnen der Welt (bis zu 370m hoch)<\/p>\n<\/li>\n<li>\n<p align=\"left\">ein Quad-Trip duch dieselben durfte nat\u00fcrlich auch nicht fehlen&#8230;<\/p>\n<\/li>\n<li>\n<p align=\"left\">Fishriver-Canyon; der zweitgr\u00f6\u00dfte der Welt<\/p>\n<\/li>\n<li>\n<p align=\"left\">afrikanische Fauna &#8211; wirklich beeindruckend&#8230;<\/p>\n<\/li>\n<li>\n<p align=\"left\">auch der &#8222;dienstliche&#8220; Teil war faszinierend!<\/p>\n<\/li>\n<\/ul>\n<p>Fotosets links aussuchen&#8230;<\/p>\n","protected":false},"excerpt":{"rendered":"<p>Noch vor Semesterbeginn lud das Institut f\u00fcr F\u00f6rdertechnik und Konstruktionslehre zur j\u00e4hrlichen (in Zukunft: biennalen) &#8222;Pflichtexkursion&#8220;. Diesmal sollte es allerdings nicht wie \u00fcblich nach Deutschland gehen, sondern etwas exotischer werden: NAMIBIA hie\u00df das Reiseziel!! F\u00fcr einen auf die Studentenbrieftasche zugeschnittenen Unkostenbeitrag waren also 15 pflichtbewusste Studenten auf dem Weg zu Sonne, D\u00fcnen, Minen, Maschinen und einem f\u00fcr uns Durchschnitts-Euro-Bauern neuen Kulturkreis. Trotz des dicht gedr\u00e4ngten wissenschaftlichen Programms blieb ausreichend Zeit sich dem zu widmen, was den Unterschied zur etwa 10.000 km entfernten Heimat ausmacht: die gr\u00f6\u00dften Wanderd\u00fcnen der Welt (bis<\/p>\n","protected":false},"author":1,"featured_media":0,"parent":5090,"menu_order":80,"comment_status":"open","ping_status":"closed","template":"","meta":{"footnotes":""},"class_list":["post-5242","page","type-page","status-publish","hentry"],"yoast_head":"<!-- This site is optimized with the Yoast SEO plugin v26.4 - https:\/\/yoast.com\/wordpress\/plugins\/seo\/ -->\n<title>NAMIBIA 1999 - Alexander Rob\u00e9<\/title>\n<meta name=\"robots\" content=\"index, follow, max-snippet:-1, max-image-preview:large, max-video-preview:-1\" \/>\n<link rel=\"canonical\" href=\"https:\/\/www.robe.world\/lex\/reisen\/namibia-1999\/\" \/>\n<meta property=\"og:locale\" content=\"de_DE\" \/>\n<meta property=\"og:type\" content=\"article\" \/>\n<meta property=\"og:title\" content=\"NAMIBIA 1999 - Alexander Rob\u00e9\" \/>\n<meta property=\"og:description\" content=\"Noch vor Semesterbeginn lud das Institut f\u00fcr F\u00f6rdertechnik und Konstruktionslehre zur j\u00e4hrlichen (in Zukunft: biennalen) &#8222;Pflichtexkursion&#8220;. Diesmal sollte es allerdings nicht wie \u00fcblich nach Deutschland gehen, sondern etwas exotischer werden: NAMIBIA hie\u00df das Reiseziel!! F\u00fcr einen auf die Studentenbrieftasche zugeschnittenen Unkostenbeitrag waren also 15 pflichtbewusste Studenten auf dem Weg zu Sonne, D\u00fcnen, Minen, Maschinen und einem f\u00fcr uns Durchschnitts-Euro-Bauern neuen Kulturkreis. Trotz des dicht gedr\u00e4ngten wissenschaftlichen Programms blieb ausreichend Zeit sich dem zu widmen, was den Unterschied zur etwa 10.000 km entfernten Heimat ausmacht: die gr\u00f6\u00dften Wanderd\u00fcnen der Welt (bis\" \/>\n<meta property=\"og:url\" content=\"https:\/\/www.robe.world\/lex\/reisen\/namibia-1999\/\" \/>\n<meta property=\"og:site_name\" content=\"Alexander Rob\u00e9\" \/>\n<meta property=\"article:publisher\" content=\"https:\/\/www.facebook.com\/lexrobe\" \/>\n<meta property=\"article:modified_time\" content=\"2018-10-10T02:36:15+00:00\" \/>\n<meta name=\"twitter:label1\" content=\"Gesch\u00e4tzte Lesezeit\" \/>\n\t<meta name=\"twitter:data1\" content=\"1\u00a0Minute\" \/>\n<script type=\"application\/ld+json\" class=\"yoast-schema-graph\">{\"@context\":\"https:\/\/schema.org\",\"@graph\":[{\"@type\":\"WebPage\",\"@id\":\"https:\/\/www.robe.world\/lex\/reisen\/namibia-1999\/\",\"url\":\"https:\/\/www.robe.world\/lex\/reisen\/namibia-1999\/\",\"name\":\"NAMIBIA 1999 - Alexander Rob\u00e9\",\"isPartOf\":{\"@id\":\"https:\/\/www.robe.world\/lex\/#website\"},\"datePublished\":\"2013-10-19T14:41:51+00:00\",\"dateModified\":\"2018-10-10T02:36:15+00:00\",\"breadcrumb\":{\"@id\":\"https:\/\/www.robe.world\/lex\/reisen\/namibia-1999\/#breadcrumb\"},\"inLanguage\":\"de\",\"potentialAction\":[{\"@type\":\"ReadAction\",\"target\":[\"https:\/\/www.robe.world\/lex\/reisen\/namibia-1999\/\"]}]},{\"@type\":\"BreadcrumbList\",\"@id\":\"https:\/\/www.robe.world\/lex\/reisen\/namibia-1999\/#breadcrumb\",\"itemListElement\":[{\"@type\":\"ListItem\",\"position\":1,\"name\":\"Home\",\"item\":\"https:\/\/www.robe.world\/lex\/\"},{\"@type\":\"ListItem\",\"position\":2,\"name\":\"Reisen\",\"item\":\"https:\/\/www.robe.world\/lex\/reisen\/\"},{\"@type\":\"ListItem\",\"position\":3,\"name\":\"NAMIBIA 1999\"}]},{\"@type\":\"WebSite\",\"@id\":\"https:\/\/www.robe.world\/lex\/#website\",\"url\":\"https:\/\/www.robe.world\/lex\/\",\"name\":\"Alexander Rob\u00e9\",\"description\":\"blogging since 1997\",\"potentialAction\":[{\"@type\":\"SearchAction\",\"target\":{\"@type\":\"EntryPoint\",\"urlTemplate\":\"https:\/\/www.robe.world\/lex\/?s={search_term_string}\"},\"query-input\":{\"@type\":\"PropertyValueSpecification\",\"valueRequired\":true,\"valueName\":\"search_term_string\"}}],\"inLanguage\":\"de\"}]}<\/script>\n<!-- \/ Yoast SEO plugin. -->","yoast_head_json":{"title":"NAMIBIA 1999 - Alexander Rob\u00e9","robots":{"index":"index","follow":"follow","max-snippet":"max-snippet:-1","max-image-preview":"max-image-preview:large","max-video-preview":"max-video-preview:-1"},"canonical":"https:\/\/www.robe.world\/lex\/reisen\/namibia-1999\/","og_locale":"de_DE","og_type":"article","og_title":"NAMIBIA 1999 - Alexander Rob\u00e9","og_description":"Noch vor Semesterbeginn lud das Institut f\u00fcr F\u00f6rdertechnik und Konstruktionslehre zur j\u00e4hrlichen (in Zukunft: biennalen) &#8222;Pflichtexkursion&#8220;. Diesmal sollte es allerdings nicht wie \u00fcblich nach Deutschland gehen, sondern etwas exotischer werden: NAMIBIA hie\u00df das Reiseziel!! F\u00fcr einen auf die Studentenbrieftasche zugeschnittenen Unkostenbeitrag waren also 15 pflichtbewusste Studenten auf dem Weg zu Sonne, D\u00fcnen, Minen, Maschinen und einem f\u00fcr uns Durchschnitts-Euro-Bauern neuen Kulturkreis. Trotz des dicht gedr\u00e4ngten wissenschaftlichen Programms blieb ausreichend Zeit sich dem zu widmen, was den Unterschied zur etwa 10.000 km entfernten Heimat ausmacht: die gr\u00f6\u00dften Wanderd\u00fcnen der Welt (bis","og_url":"https:\/\/www.robe.world\/lex\/reisen\/namibia-1999\/","og_site_name":"Alexander Rob\u00e9","article_publisher":"https:\/\/www.facebook.com\/lexrobe","article_modified_time":"2018-10-10T02:36:15+00:00","twitter_misc":{"Gesch\u00e4tzte Lesezeit":"1\u00a0Minute"},"schema":{"@context":"https:\/\/schema.org","@graph":[{"@type":"WebPage","@id":"https:\/\/www.robe.world\/lex\/reisen\/namibia-1999\/","url":"https:\/\/www.robe.world\/lex\/reisen\/namibia-1999\/","name":"NAMIBIA 1999 - Alexander Rob\u00e9","isPartOf":{"@id":"https:\/\/www.robe.world\/lex\/#website"},"datePublished":"2013-10-19T14:41:51+00:00","dateModified":"2018-10-10T02:36:15+00:00","breadcrumb":{"@id":"https:\/\/www.robe.world\/lex\/reisen\/namibia-1999\/#breadcrumb"},"inLanguage":"de","potentialAction":[{"@type":"ReadAction","target":["https:\/\/www.robe.world\/lex\/reisen\/namibia-1999\/"]}]},{"@type":"BreadcrumbList","@id":"https:\/\/www.robe.world\/lex\/reisen\/namibia-1999\/#breadcrumb","itemListElement":[{"@type":"ListItem","position":1,"name":"Home","item":"https:\/\/www.robe.world\/lex\/"},{"@type":"ListItem","position":2,"name":"Reisen","item":"https:\/\/www.robe.world\/lex\/reisen\/"},{"@type":"ListItem","position":3,"name":"NAMIBIA 1999"}]},{"@type":"WebSite","@id":"https:\/\/www.robe.world\/lex\/#website","url":"https:\/\/www.robe.world\/lex\/","name":"Alexander Rob\u00e9","description":"blogging since 1997","potentialAction":[{"@type":"SearchAction","target":{"@type":"EntryPoint","urlTemplate":"https:\/\/www.robe.world\/lex\/?s={search_term_string}"},"query-input":{"@type":"PropertyValueSpecification","valueRequired":true,"valueName":"search_term_string"}}],"inLanguage":"de"}]}},"_links":{"self":[{"href":"https:\/\/www.robe.world\/lex\/wp-json\/wp\/v2\/pages\/5242","targetHints":{"allow":["GET"]}}],"collection":[{"href":"https:\/\/www.robe.world\/lex\/wp-json\/wp\/v2\/pages"}],"about":[{"href":"https:\/\/www.robe.world\/lex\/wp-json\/wp\/v2\/types\/page"}],"author":[{"embeddable":true,"href":"https:\/\/www.robe.world\/lex\/wp-json\/wp\/v2\/users\/1"}],"replies":[{"embeddable":true,"href":"https:\/\/www.robe.world\/lex\/wp-json\/wp\/v2\/comments?post=5242"}],"version-history":[{"count":3,"href":"https:\/\/www.robe.world\/lex\/wp-json\/wp\/v2\/pages\/5242\/revisions"}],"predecessor-version":[{"id":5265,"href":"https:\/\/www.robe.world\/lex\/wp-json\/wp\/v2\/pages\/5242\/revisions\/5265"}],"up":[{"embeddable":true,"href":"https:\/\/www.robe.world\/lex\/wp-json\/wp\/v2\/pages\/5090"}],"wp:attachment":[{"href":"https:\/\/www.robe.world\/lex\/wp-json\/wp\/v2\/media?parent=5242"}],"curies":[{"name":"wp","href":"https:\/\/api.w.org\/{rel}","templated":true}]}}