{"id":5177,"date":"2013-10-19T10:47:22","date_gmt":"2013-10-19T08:47:22","guid":{"rendered":"http:\/\/www.robe.world\/lex\/?page_id=5177"},"modified":"2018-10-10T05:50:23","modified_gmt":"2018-10-10T03:50:23","slug":"lan-crew","status":"publish","type":"page","link":"https:\/\/www.robe.world\/lex\/freizeit\/ccl-computer-club-liezen\/lan-crew\/","title":{"rendered":"LAN-Crew"},"content":{"rendered":"<p align=\"center\"><b><span style=\"text-decoration: underline;\"><span style=\"font-family: Arial; font-size: large;\">Die Kern-Mannschaft unserer LAN-Parties<\/span><\/span><\/b><\/p>\n<p>\u00a0<span style=\"font-family: Arial;\">kurz vorgestellt:<\/span><\/p>\n<p><span style=\"font-family: Arial;\"><b>\u00a0<span style=\"text-decoration: underline;\">Urbi M.:<\/span><\/b><\/span><\/p>\n<table width=\"100%\" border=\"0\">\n<tbody>\n<tr>\n<td valign=\"top\" width=\"13%\"><span style=\"font-family: Arial;\"><img decoding=\"async\" alt=\"\" src=\"http:\/\/lex.robe.world\/images\/baeck.jpg\" width=\"147\" height=\"161\" border=\"0\" \/><\/span><\/td>\n<td valign=\"top\" width=\"87%\">\n<table width=\"100%\" border=\"0\">\n<tbody>\n<tr>\n<td width=\"25%\"><span style=\"font-family: Arial;\"><b>Name:<\/b><\/span><\/td>\n<td width=\"75%\"><span style=\"font-family: Arial;\"><a href=\"mailto:aon.912520555@aon.at\">Martin Urbscheit<\/a><\/span><\/td>\n<\/tr>\n<tr>\n<td width=\"25%\"><span style=\"font-family: Arial;\"><b>Alter:<\/b><\/span><\/td>\n<td width=\"75%\"><span style=\"font-family: Arial;\">26<\/span><\/td>\n<\/tr>\n<tr>\n<td width=\"25%\"><span style=\"font-family: Arial;\"><b>Favourite Games:<\/b><\/span><\/td>\n<td width=\"75%\"><span style=\"font-family: Arial;\">Combat Flight Sim. (scenery.aut), Counter-Strike, Populous 3, GPL<\/span><\/td>\n<\/tr>\n<tr>\n<td width=\"25%\"><span style=\"font-family: Arial;\"><b>Berufstand:<\/b><\/span><\/td>\n<td width=\"75%\"><span style=\"font-family: Arial;\">LKW-Fahrer<\/span><\/td>\n<\/tr>\n<tr>\n<td width=\"25%\"><span style=\"font-family: Arial;\"><b>Hobbies:<\/b><\/span><\/td>\n<td width=\"75%\"><span style=\"font-family: Arial;\">Powerkiting, Modellflug, Paragleiten<\/span><\/td>\n<\/tr>\n<tr>\n<td width=\"25%\"><span style=\"font-family: Arial;\"><b>PC:<\/b><\/span><\/td>\n<td width=\"75%\"><span style=\"font-family: Arial;\">P3 1GHz, 256MB, ATI Radeon AiW 64DDR, SB Live 5.1, 40 GB, 100 MBit<\/span><\/td>\n<\/tr>\n<\/tbody>\n<\/table>\n<\/td>\n<\/tr>\n<\/tbody>\n<\/table>\n<p><span style=\"text-decoration: underline;\"><span style=\"font-family: Arial;\"><b><br \/>\nMighty Duck:<\/b><\/span><\/span><\/p>\n<table width=\"100%\" border=\"0\">\n<tbody>\n<tr>\n<td valign=\"top\" width=\"13%\"><img decoding=\"async\" alt=\"\" src=\"http:\/\/lex.robe.world\/images\/lan\/people\/mighty_face.jpg\" width=\"150\" height=\"184\" border=\"0\" \/><\/td>\n<td valign=\"top\" width=\"87%\">\n<table width=\"100%\" border=\"0\">\n<tbody>\n<tr>\n<td width=\"25%\"><span style=\"font-family: Arial;\"><b>Name:<\/b><\/span><\/td>\n<td width=\"75%\"><span style=\"font-family: Arial;\"><a href=\"mailto:elnino@gmx.at\">Martin Griesser<\/a><\/span><\/td>\n<\/tr>\n<tr>\n<td width=\"25%\"><span style=\"font-family: Arial;\"><b>Alter:<\/b><\/span><\/td>\n<td width=\"75%\"><span style=\"font-family: Arial;\">25<\/span><\/td>\n<\/tr>\n<tr>\n<td width=\"25%\"><span style=\"font-family: Arial;\"><b>Favourite Games:<\/b><\/span><\/td>\n<td width=\"75%\"><span style=\"font-family: Arial;\">Rainbow Six, Counter-Strike<\/span><\/td>\n<\/tr>\n<tr>\n<td width=\"25%\"><span style=\"font-family: Arial;\"><b>Berufstand:<\/b><\/span><\/td>\n<td width=\"75%\"><span style=\"font-family: Arial;\">Abend-Sch\u00fcler, unser Sch\u00e4fchen-H\u00fcter sprich Pr\u00e4si vom CCL<\/span><\/td>\n<\/tr>\n<tr>\n<td width=\"25%\"><span style=\"font-family: Arial;\"><b>Hobbies:<\/b><\/span><\/td>\n<td width=\"75%\"><span style=\"font-family: Arial;\">Paragleiten, Astrid herumfahren und mit ihr daheim bleiben<\/span><\/td>\n<\/tr>\n<tr>\n<td width=\"25%\"><span style=\"font-family: Arial;\"><b>PC:<\/b><\/span><\/td>\n<td width=\"75%\"><span style=\"font-family: Arial;\">Celeron 433, Maxi Gamer Xentor 32, 100 MBit<\/span><\/td>\n<\/tr>\n<\/tbody>\n<\/table>\n<\/td>\n<\/tr>\n<\/tbody>\n<\/table>\n<p><span style=\"text-decoration: underline;\"><span style=\"font-family: Arial;\"><b><br \/>\nRon:<\/b><\/span><\/span><\/p>\n<table width=\"100%\" border=\"0\">\n<tbody>\n<tr>\n<td valign=\"top\" width=\"13%\"><img decoding=\"async\" alt=\"\" src=\"http:\/\/lex.robe.world\/images\/lan\/people\/ron_face.jpg\" width=\"150\" height=\"185\" border=\"0\" \/><\/td>\n<td valign=\"top\" width=\"87%\">\n<table width=\"100%\" border=\"0\">\n<tbody>\n<tr>\n<td width=\"25%\" height=\"21\"><span style=\"font-family: Arial;\"><b>Name:<\/b><\/span><\/td>\n<td width=\"75%\" height=\"21\"><span style=\"font-family: Arial;\"><a href=\"mailto:rsd@aon.at\">Ron<\/a> va da BP<\/span><\/td>\n<\/tr>\n<tr>\n<td width=\"25%\" height=\"21\"><span style=\"font-family: Arial;\"><b>Alter:<\/b><\/span><\/td>\n<td width=\"75%\" height=\"21\"><span style=\"font-family: Arial;\">30<\/span><\/td>\n<\/tr>\n<tr>\n<td width=\"25%\" height=\"22\"><span style=\"font-family: Arial;\"><b>Favourite Games:<\/b><\/span><\/td>\n<td width=\"75%\" height=\"22\"><span style=\"font-family: Arial;\">F1 Racing Championship, GP3<\/span><\/td>\n<\/tr>\n<tr>\n<td width=\"25%\" height=\"21\"><span style=\"font-family: Arial;\"><b>Berufstand:<\/b><\/span><\/td>\n<td width=\"75%\" height=\"21\"><span style=\"font-family: Arial;\">Tankwart<\/span><\/td>\n<\/tr>\n<tr>\n<td width=\"25%\" height=\"21\"><span style=\"font-family: Arial;\"><b>Hobbies:<\/b><\/span><\/td>\n<td width=\"75%\" height=\"21\"><span style=\"font-family: Arial;\">Formel 1<\/span><\/td>\n<\/tr>\n<tr>\n<td width=\"25%\" height=\"21\"><span style=\"font-family: Arial;\"><b>PC:<\/b><\/span><\/td>\n<td width=\"75%\" height=\"21\"><span style=\"font-family: Arial;\">P3 900, 256 MB, Asus GF 2MX, 100 MBit<\/span><\/td>\n<\/tr>\n<\/tbody>\n<\/table>\n<\/td>\n<\/tr>\n<\/tbody>\n<\/table>\n<p><span style=\"text-decoration: underline;\"><span style=\"font-family: Arial;\"><b>JJ:<\/b><\/span><\/span><\/p>\n<table width=\"100%\" border=\"0\">\n<tbody>\n<tr>\n<td valign=\"top\" width=\"13%\"><\/td>\n<td valign=\"top\" width=\"87%\">\n<table width=\"100%\" border=\"0\">\n<tbody>\n<tr>\n<td width=\"25%\"><span style=\"font-family: Arial;\"><b>Name:<\/b><\/span><\/td>\n<td width=\"75%\"><span style=\"font-family: Arial;\"><a href=\"mailto:jenecek1@aon.at\">J\u00fcrgen Jenecek<\/a><\/span><\/td>\n<\/tr>\n<tr>\n<td width=\"25%\"><span style=\"font-family: Arial;\"><b>Alter:<\/b><\/span><\/td>\n<td width=\"75%\"><span style=\"font-family: Arial;\">29<\/span><\/td>\n<\/tr>\n<tr>\n<td width=\"25%\"><span style=\"font-family: Arial;\"><b>Favourite Games:<\/b><\/span><\/td>\n<td width=\"75%\"><span style=\"font-family: Arial;\">Age of Empires 2, CS<\/span><\/td>\n<\/tr>\n<tr>\n<td width=\"25%\"><span style=\"font-family: Arial;\"><b>Berufstand:<\/b><\/span><\/td>\n<td width=\"75%\"><span style=\"font-family: Arial;\">Hauptschul-Lehrer<\/span><\/td>\n<\/tr>\n<tr>\n<td width=\"25%\"><span style=\"font-family: Arial;\"><b>Hobbies:<\/b><\/span><\/td>\n<td width=\"75%\"><span style=\"font-family: Arial;\">Schifahren, Reisen, Motorrad<\/span><\/td>\n<\/tr>\n<tr>\n<td width=\"25%\"><span style=\"font-family: Arial;\"><b>PC:<\/b><\/span><\/td>\n<td width=\"75%\"><span style=\"font-family: Arial;\">Celeron 466, 194 MB, GF 256 DDR, SB Live 5.1, 100 MBit<\/span><\/td>\n<\/tr>\n<\/tbody>\n<\/table>\n<\/td>\n<\/tr>\n<\/tbody>\n<\/table>\n<p><span style=\"text-decoration: underline;\"><span style=\"font-family: Arial;\"><b><br \/>\nSnorre:<\/b><\/span><\/span><\/p>\n<table width=\"100%\" border=\"0\">\n<tbody>\n<tr>\n<td valign=\"top\" width=\"13%\"><span style=\"font-family: Arial;\"><img decoding=\"async\" alt=\"\" src=\"http:\/\/lex.robe.world\/images\/snorre.jpg\" width=\"145\" height=\"191\" border=\"0\" \/><\/span><\/td>\n<td valign=\"top\" width=\"87%\">\n<table width=\"100%\" border=\"0\">\n<tbody>\n<tr>\n<td width=\"26%\"><span style=\"font-family: Arial;\"><b>Name:<\/b><\/span><\/td>\n<td width=\"74%\"><span style=\"font-family: Arial;\">Edwin Urbscheit<\/span><\/td>\n<\/tr>\n<tr>\n<td width=\"26%\"><span style=\"font-family: Arial;\"><b>Alter:<\/b><\/span><\/td>\n<td width=\"74%\"><span style=\"font-family: Arial;\">16<\/span><\/td>\n<\/tr>\n<tr>\n<td width=\"26%\"><span style=\"font-family: Arial;\"><b>Favourite Games:<\/b><\/span><\/td>\n<td width=\"74%\"><span style=\"font-family: Arial;\">Railroad Tycoon 2, Quake 3 &#8211; Arena, Populous 3, Racing Simulation 2<\/span><\/td>\n<\/tr>\n<tr>\n<td width=\"26%\"><span style=\"font-family: Arial;\"><b>Berufstand:<\/b><\/span><\/td>\n<td width=\"74%\"><span style=\"font-family: Arial;\">Sch\u00fcler, HAK Liezen<\/span><\/td>\n<\/tr>\n<tr>\n<td width=\"26%\"><span style=\"font-family: Arial;\"><b>Hobbies:<\/b><\/span><\/td>\n<td width=\"74%\"><span style=\"font-family: Arial;\">zu jung f\u00fcr RICHTIGE Hobbies<\/span><\/td>\n<\/tr>\n<tr>\n<td width=\"26%\"><span style=\"font-family: Arial;\"><b>PC:<\/b><\/span><\/td>\n<td width=\"74%\"><span style=\"font-family: Arial;\">Celeron 333 MHz; 64MB; Diamond Viper V550, 100 MBit<\/span><\/td>\n<\/tr>\n<\/tbody>\n<\/table>\n<\/td>\n<\/tr>\n<\/tbody>\n<\/table>\n<p><span style=\"font-family: Arial;\"><span style=\"text-decoration: underline;\"><br \/>\n<\/span>und meine Wenigkeit:<\/span><\/p>\n<p><span style=\"text-decoration: underline;\"><span style=\"font-family: Arial;\"><b>Lex Luthor:<\/b><\/span><\/span><\/p>\n<table width=\"100%\" border=\"0\">\n<tbody>\n<tr>\n<td valign=\"top\" width=\"15%\"><\/td>\n<td valign=\"top\" width=\"85%\">\n<table width=\"100%\" border=\"0\">\n<tbody>\n<tr>\n<td width=\"25%\"><span style=\"font-family: Arial;\"><b>P<\/b><b>ersonal Detailz:<\/b><\/span><\/td>\n<td width=\"75%\"><span style=\"font-family: Arial;\">siehe <a>pagekeeper-section&#8230;<\/a><\/span><\/td>\n<\/tr>\n<tr>\n<td width=\"25%\"><span style=\"font-family: Arial;\"><b>Favourite Games:<\/b><\/span><\/td>\n<td width=\"75%\"><span style=\"font-family: Arial;\">F1 Racing Championship, CS, Populous 3, Quake 3, NHL 2001, AoE2<\/span><\/td>\n<\/tr>\n<tr>\n<td width=\"25%\"><span style=\"font-family: Arial;\"><b>Hobbies:<\/b><\/span><\/td>\n<td width=\"75%\"><span style=\"font-family: Arial;\">siehe <a>leisure time-section&#8230;<\/a><\/span><\/td>\n<\/tr>\n<tr>\n<td width=\"25%\"><span style=\"font-family: Arial;\"><b>PC:<\/b><\/span><\/td>\n<td width=\"75%\"><span style=\"font-family: Arial;\">Athlon 1GHz, 384 MB, CLabs GF2 GTS, SB Live 5.1, 86 GB, 100 MBit<\/span><\/td>\n<\/tr>\n<\/tbody>\n<\/table>\n<\/td>\n<\/tr>\n<\/tbody>\n<\/table>\n<p>&nbsp;<\/p>\n<p align=\"center\"><span style=\"font-family: Arial;\">In unseren Anf\u00e4ngen <\/span><span style=\"font-family: Arial;\">gaben sich auch noch andere G\u00e4ste\u00a0<\/span><\/p>\n<p align=\"center\"><span style=\"font-family: Arial;\"><img decoding=\"async\" alt=\"\" src=\"http:\/\/lex.robe.world\/images\/langroup.jpg\" width=\"420\" height=\"327\" border=\"0\" \/><\/span><\/p>\n<p align=\"center\"><span style=\"font-family: Arial;\">die Ehre und unsere Girlz Alina, Miss Bee Kay und H. Mizer (v.l.n.r.) sorgten f\u00fcr die n\u00f6tige Frauenquote&#8230;<\/span><\/p>\n<p align=\"center\">\n<p align=\"center\"><span style=\"font-family: Arial;\">Nach unserem Umbau verdoppelte sich die Aufnahmekapazi\u00e4t unseres Clubraumes.<\/span><\/p>\n<p align=\"center\"><a href=\"http:\/\/lex.robe.world\/images\/lan\/group10.jpg\" target=\"_blank\"><img decoding=\"async\" alt=\"\" src=\"http:\/\/lex.robe.world\/images\/lan\/thumbs\/group10.jpg\" width=\"135\" height=\"177\" border=\"0\" \/><\/a><br \/>\n<span style=\"font-family: Arial; font-size: xx-small;\">&#8230;click to enlarge!<\/span><\/p>\n<p align=\"center\"><span style=\"font-family: Arial;\">\u00a0Seitdem k\u00f6nnen wir auch ein paar LAN-Fanatics aus Rottenmann und Umgebung zu unseren Stammg\u00e4sten z\u00e4hlen<\/span><\/p>\n<p>&nbsp;<\/p>\n","protected":false},"excerpt":{"rendered":"<p>Die Kern-Mannschaft unserer LAN-Parties \u00a0kurz vorgestellt: \u00a0Urbi M.: Name: Martin Urbscheit Alter: 26 Favourite Games: Combat Flight Sim. (scenery.aut), Counter-Strike, Populous 3, GPL Berufstand: LKW-Fahrer Hobbies: Powerkiting, Modellflug, Paragleiten PC: P3 1GHz, 256MB, ATI Radeon AiW 64DDR, SB Live 5.1, 40 GB, 100 MBit Mighty Duck: Name: Martin Griesser Alter: 25 Favourite Games: Rainbow Six, Counter-Strike Berufstand: Abend-Sch\u00fcler, unser Sch\u00e4fchen-H\u00fcter sprich Pr\u00e4si vom CCL Hobbies: Paragleiten, Astrid herumfahren und mit ihr daheim bleiben PC: Celeron 433, Maxi Gamer Xentor 32, 100 MBit Ron: Name: Ron va da BP Alter: 30<\/p>\n","protected":false},"author":1,"featured_media":0,"parent":5171,"menu_order":20,"comment_status":"open","ping_status":"closed","template":"side-navigation.php","meta":{"footnotes":""},"class_list":["post-5177","page","type-page","status-publish","hentry"],"yoast_head":"<!-- This site is optimized with the Yoast SEO plugin v26.4 - https:\/\/yoast.com\/wordpress\/plugins\/seo\/ -->\n<title>LAN-Crew - Alexander Rob\u00e9<\/title>\n<meta name=\"robots\" content=\"index, follow, max-snippet:-1, max-image-preview:large, max-video-preview:-1\" \/>\n<link rel=\"canonical\" href=\"https:\/\/www.robe.world\/lex\/freizeit\/ccl-computer-club-liezen\/lan-crew\/\" \/>\n<meta property=\"og:locale\" content=\"de_DE\" \/>\n<meta property=\"og:type\" content=\"article\" \/>\n<meta property=\"og:title\" content=\"LAN-Crew - Alexander Rob\u00e9\" \/>\n<meta property=\"og:description\" content=\"Die Kern-Mannschaft unserer LAN-Parties \u00a0kurz vorgestellt: \u00a0Urbi M.: Name: Martin Urbscheit Alter: 26 Favourite Games: Combat Flight Sim. (scenery.aut), Counter-Strike, Populous 3, GPL Berufstand: LKW-Fahrer Hobbies: Powerkiting, Modellflug, Paragleiten PC: P3 1GHz, 256MB, ATI Radeon AiW 64DDR, SB Live 5.1, 40 GB, 100 MBit Mighty Duck: Name: Martin Griesser Alter: 25 Favourite Games: Rainbow Six, Counter-Strike Berufstand: Abend-Sch\u00fcler, unser Sch\u00e4fchen-H\u00fcter sprich Pr\u00e4si vom CCL Hobbies: Paragleiten, Astrid herumfahren und mit ihr daheim bleiben PC: Celeron 433, Maxi Gamer Xentor 32, 100 MBit Ron: Name: Ron va da BP Alter: 30\" \/>\n<meta property=\"og:url\" content=\"https:\/\/www.robe.world\/lex\/freizeit\/ccl-computer-club-liezen\/lan-crew\/\" \/>\n<meta property=\"og:site_name\" content=\"Alexander Rob\u00e9\" \/>\n<meta property=\"article:publisher\" content=\"https:\/\/www.facebook.com\/lexrobe\" \/>\n<meta property=\"article:modified_time\" content=\"2018-10-10T03:50:23+00:00\" \/>\n<meta property=\"og:image\" content=\"http:\/\/lex.robe.world\/images\/baeck.jpg\" \/>\n<meta name=\"twitter:label1\" content=\"Gesch\u00e4tzte Lesezeit\" \/>\n\t<meta name=\"twitter:data1\" content=\"1\u00a0Minute\" \/>\n<script type=\"application\/ld+json\" class=\"yoast-schema-graph\">{\"@context\":\"https:\/\/schema.org\",\"@graph\":[{\"@type\":\"WebPage\",\"@id\":\"https:\/\/www.robe.world\/lex\/freizeit\/ccl-computer-club-liezen\/lan-crew\/\",\"url\":\"https:\/\/www.robe.world\/lex\/freizeit\/ccl-computer-club-liezen\/lan-crew\/\",\"name\":\"LAN-Crew - Alexander Rob\u00e9\",\"isPartOf\":{\"@id\":\"https:\/\/www.robe.world\/lex\/#website\"},\"primaryImageOfPage\":{\"@id\":\"https:\/\/www.robe.world\/lex\/freizeit\/ccl-computer-club-liezen\/lan-crew\/#primaryimage\"},\"image\":{\"@id\":\"https:\/\/www.robe.world\/lex\/freizeit\/ccl-computer-club-liezen\/lan-crew\/#primaryimage\"},\"thumbnailUrl\":\"http:\/\/lex.robe.world\/images\/baeck.jpg\",\"datePublished\":\"2013-10-19T08:47:22+00:00\",\"dateModified\":\"2018-10-10T03:50:23+00:00\",\"breadcrumb\":{\"@id\":\"https:\/\/www.robe.world\/lex\/freizeit\/ccl-computer-club-liezen\/lan-crew\/#breadcrumb\"},\"inLanguage\":\"de\",\"potentialAction\":[{\"@type\":\"ReadAction\",\"target\":[\"https:\/\/www.robe.world\/lex\/freizeit\/ccl-computer-club-liezen\/lan-crew\/\"]}]},{\"@type\":\"ImageObject\",\"inLanguage\":\"de\",\"@id\":\"https:\/\/www.robe.world\/lex\/freizeit\/ccl-computer-club-liezen\/lan-crew\/#primaryimage\",\"url\":\"http:\/\/lex.robe.world\/images\/baeck.jpg\",\"contentUrl\":\"http:\/\/lex.robe.world\/images\/baeck.jpg\"},{\"@type\":\"BreadcrumbList\",\"@id\":\"https:\/\/www.robe.world\/lex\/freizeit\/ccl-computer-club-liezen\/lan-crew\/#breadcrumb\",\"itemListElement\":[{\"@type\":\"ListItem\",\"position\":1,\"name\":\"Home\",\"item\":\"https:\/\/www.robe.world\/lex\/\"},{\"@type\":\"ListItem\",\"position\":2,\"name\":\"Freizeit\",\"item\":\"https:\/\/www.robe.world\/lex\/freizeit\/\"},{\"@type\":\"ListItem\",\"position\":3,\"name\":\"Computer\",\"item\":\"https:\/\/www.robe.world\/lex\/freizeit\/ccl-computer-club-liezen\/\"},{\"@type\":\"ListItem\",\"position\":4,\"name\":\"LAN-Crew\"}]},{\"@type\":\"WebSite\",\"@id\":\"https:\/\/www.robe.world\/lex\/#website\",\"url\":\"https:\/\/www.robe.world\/lex\/\",\"name\":\"Alexander Rob\u00e9\",\"description\":\"blogging since 1997\",\"potentialAction\":[{\"@type\":\"SearchAction\",\"target\":{\"@type\":\"EntryPoint\",\"urlTemplate\":\"https:\/\/www.robe.world\/lex\/?s={search_term_string}\"},\"query-input\":{\"@type\":\"PropertyValueSpecification\",\"valueRequired\":true,\"valueName\":\"search_term_string\"}}],\"inLanguage\":\"de\"}]}<\/script>\n<!-- \/ Yoast SEO plugin. -->","yoast_head_json":{"title":"LAN-Crew - Alexander Rob\u00e9","robots":{"index":"index","follow":"follow","max-snippet":"max-snippet:-1","max-image-preview":"max-image-preview:large","max-video-preview":"max-video-preview:-1"},"canonical":"https:\/\/www.robe.world\/lex\/freizeit\/ccl-computer-club-liezen\/lan-crew\/","og_locale":"de_DE","og_type":"article","og_title":"LAN-Crew - Alexander Rob\u00e9","og_description":"Die Kern-Mannschaft unserer LAN-Parties \u00a0kurz vorgestellt: \u00a0Urbi M.: Name: Martin Urbscheit Alter: 26 Favourite Games: Combat Flight Sim. (scenery.aut), Counter-Strike, Populous 3, GPL Berufstand: LKW-Fahrer Hobbies: Powerkiting, Modellflug, Paragleiten PC: P3 1GHz, 256MB, ATI Radeon AiW 64DDR, SB Live 5.1, 40 GB, 100 MBit Mighty Duck: Name: Martin Griesser Alter: 25 Favourite Games: Rainbow Six, Counter-Strike Berufstand: Abend-Sch\u00fcler, unser Sch\u00e4fchen-H\u00fcter sprich Pr\u00e4si vom CCL Hobbies: Paragleiten, Astrid herumfahren und mit ihr daheim bleiben PC: Celeron 433, Maxi Gamer Xentor 32, 100 MBit Ron: Name: Ron va da BP Alter: 30","og_url":"https:\/\/www.robe.world\/lex\/freizeit\/ccl-computer-club-liezen\/lan-crew\/","og_site_name":"Alexander Rob\u00e9","article_publisher":"https:\/\/www.facebook.com\/lexrobe","article_modified_time":"2018-10-10T03:50:23+00:00","og_image":[{"url":"http:\/\/lex.robe.world\/images\/baeck.jpg","type":"","width":"","height":""}],"twitter_misc":{"Gesch\u00e4tzte Lesezeit":"1\u00a0Minute"},"schema":{"@context":"https:\/\/schema.org","@graph":[{"@type":"WebPage","@id":"https:\/\/www.robe.world\/lex\/freizeit\/ccl-computer-club-liezen\/lan-crew\/","url":"https:\/\/www.robe.world\/lex\/freizeit\/ccl-computer-club-liezen\/lan-crew\/","name":"LAN-Crew - Alexander Rob\u00e9","isPartOf":{"@id":"https:\/\/www.robe.world\/lex\/#website"},"primaryImageOfPage":{"@id":"https:\/\/www.robe.world\/lex\/freizeit\/ccl-computer-club-liezen\/lan-crew\/#primaryimage"},"image":{"@id":"https:\/\/www.robe.world\/lex\/freizeit\/ccl-computer-club-liezen\/lan-crew\/#primaryimage"},"thumbnailUrl":"http:\/\/lex.robe.world\/images\/baeck.jpg","datePublished":"2013-10-19T08:47:22+00:00","dateModified":"2018-10-10T03:50:23+00:00","breadcrumb":{"@id":"https:\/\/www.robe.world\/lex\/freizeit\/ccl-computer-club-liezen\/lan-crew\/#breadcrumb"},"inLanguage":"de","potentialAction":[{"@type":"ReadAction","target":["https:\/\/www.robe.world\/lex\/freizeit\/ccl-computer-club-liezen\/lan-crew\/"]}]},{"@type":"ImageObject","inLanguage":"de","@id":"https:\/\/www.robe.world\/lex\/freizeit\/ccl-computer-club-liezen\/lan-crew\/#primaryimage","url":"http:\/\/lex.robe.world\/images\/baeck.jpg","contentUrl":"http:\/\/lex.robe.world\/images\/baeck.jpg"},{"@type":"BreadcrumbList","@id":"https:\/\/www.robe.world\/lex\/freizeit\/ccl-computer-club-liezen\/lan-crew\/#breadcrumb","itemListElement":[{"@type":"ListItem","position":1,"name":"Home","item":"https:\/\/www.robe.world\/lex\/"},{"@type":"ListItem","position":2,"name":"Freizeit","item":"https:\/\/www.robe.world\/lex\/freizeit\/"},{"@type":"ListItem","position":3,"name":"Computer","item":"https:\/\/www.robe.world\/lex\/freizeit\/ccl-computer-club-liezen\/"},{"@type":"ListItem","position":4,"name":"LAN-Crew"}]},{"@type":"WebSite","@id":"https:\/\/www.robe.world\/lex\/#website","url":"https:\/\/www.robe.world\/lex\/","name":"Alexander Rob\u00e9","description":"blogging since 1997","potentialAction":[{"@type":"SearchAction","target":{"@type":"EntryPoint","urlTemplate":"https:\/\/www.robe.world\/lex\/?s={search_term_string}"},"query-input":{"@type":"PropertyValueSpecification","valueRequired":true,"valueName":"search_term_string"}}],"inLanguage":"de"}]}},"_links":{"self":[{"href":"https:\/\/www.robe.world\/lex\/wp-json\/wp\/v2\/pages\/5177","targetHints":{"allow":["GET"]}}],"collection":[{"href":"https:\/\/www.robe.world\/lex\/wp-json\/wp\/v2\/pages"}],"about":[{"href":"https:\/\/www.robe.world\/lex\/wp-json\/wp\/v2\/types\/page"}],"author":[{"embeddable":true,"href":"https:\/\/www.robe.world\/lex\/wp-json\/wp\/v2\/users\/1"}],"replies":[{"embeddable":true,"href":"https:\/\/www.robe.world\/lex\/wp-json\/wp\/v2\/comments?post=5177"}],"version-history":[{"count":1,"href":"https:\/\/www.robe.world\/lex\/wp-json\/wp\/v2\/pages\/5177\/revisions"}],"predecessor-version":[{"id":5178,"href":"https:\/\/www.robe.world\/lex\/wp-json\/wp\/v2\/pages\/5177\/revisions\/5178"}],"up":[{"embeddable":true,"href":"https:\/\/www.robe.world\/lex\/wp-json\/wp\/v2\/pages\/5171"}],"wp:attachment":[{"href":"https:\/\/www.robe.world\/lex\/wp-json\/wp\/v2\/media?parent=5177"}],"curies":[{"name":"wp","href":"https:\/\/api.w.org\/{rel}","templated":true}]}}