{"id":5163,"date":"2013-10-19T10:30:29","date_gmt":"2013-10-19T08:30:29","guid":{"rendered":"http:\/\/www.robe.world\/lex\/?page_id=5163"},"modified":"2018-10-10T05:50:24","modified_gmt":"2018-10-10T03:50:24","slug":"rhc-9899","status":"publish","type":"page","link":"https:\/\/www.robe.world\/lex\/freizeit\/eishockey\/rhc-redmen-hockey-cracks\/rhc-9899\/","title":{"rendered":"RHC-Saison 98\/99"},"content":{"rendered":"<p align=\"center\"><b><span style=\"text-decoration: underline;\"><span style=\"font-family: Arial; font-size: large;\">REDMAN HOCKEY CRACKS 98\/99<\/span> <\/span><\/b><\/p>\n<p>&nbsp;<\/p>\n<p>&nbsp;<\/p>\n<p><center><span style=\"font-family: Arial;\"> <img decoding=\"async\" src=\"http:\/\/lex.robe.world\/images\/hockey\/rottenmann.jpg\" alt=\"\" width=\"685\" height=\"305\" align=\"MIDDLE\" border=\"0\" \/> <\/span><span style=\"font-family: Arial;\">Die REDMAN HOCKEY CRACKS in der Besetzung 98\/99<\/span><\/center><span style=\"font-family: Arial;\">von rechts vorne nach links hinten:<br \/>\n<\/span><\/p>\n<table border=\"0\" width=\"100%\">\n<tbody>\n<tr>\n<td valign=\"TOP\" width=\"19%\" height=\"20\"><span style=\"font-family: Arial;\">Harri:<\/span><\/td>\n<td width=\"81%\" height=\"20\"><span style=\"font-family: Arial;\">\u00a0Hoffnungstr\u00e4ger unserer Nachwuchsarbeit; Verteidiger; Top-Kondi&#8230;<\/span><\/td>\n<\/tr>\n<tr>\n<td valign=\"TOP\" width=\"19%\" height=\"20\"><span style=\"font-family: Arial;\">Gastspieler:\u00a0<\/span><\/td>\n<td width=\"81%\" height=\"20\"><span style=\"font-family: Arial;\">\u00a0Nachwuchstalent, das sich leider viel zu selten die Ehre gab&#8230;<\/span><\/td>\n<\/tr>\n<tr>\n<td valign=\"TOP\" width=\"19%\" height=\"74\"><span style=\"font-family: Arial;\">Sepp Pitscheider:<\/span><\/td>\n<td width=\"81%\" height=\"74\"><span style=\"font-family: Arial;\">Normalerweise unser Goalie, bis er fand er k\u00f6nnte bei einem anderen Verein sein Talent verbessern. &#8222;Gut f\u00fcr uns&#8220; dachten wir, denn ein Goalie auf permanentem Trainingslager kann jede Mannschaft gut gebrauchen. Leider kam es dann zu terminlichen Diskrepanzen was den n\u00e4chsten Mann auf den Plan rief:<\/span><\/td>\n<\/tr>\n<tr>\n<td valign=\"TOP\" width=\"19%\" height=\"56\"><span style=\"font-family: Arial;\">Patrik Kury:<\/span><\/td>\n<td width=\"81%\" height=\"56\"><span style=\"font-family: Arial;\">Liezener und sehr guter Freund (siehe <a>Inline-Section<\/a>); klein von Wuchs der ideale Mann f\u00fcr\u00b4s Tor; schlug sich bisher &#8211; angesichts seines sp\u00e4ten Einstieges als Goalie &#8211; ganz ausgezeichnet bei vielen Zitterpartien.<\/span><\/td>\n<\/tr>\n<tr>\n<td valign=\"TOP\" width=\"19%\" height=\"20\"><span style=\"font-family: Arial;\">Stefan<\/span><\/td>\n<td width=\"81%\" height=\"20\"><span style=\"font-family: Arial;\">Legion\u00e4r aus der Tschechei &#8211; wohnhaft in Bad Aussee, unbest\u00e4tigten Ger\u00fcchten zufolge hat man ihn 1997 bei der WM in Tschechien &#8211; wo die Gastgeber \u00fcbrigens gewonnen hatten &#8211; im Teamdress das alles entscheidende Siegestor (&#8222;Sudden Death&#8220; hei\u00dft ja jetzt &#8222;Golden Goal&#8220; &#8211; Eishockey ist anscheinend doch was f\u00fcr (linguistische) Softies! \ud83d\ude42 ) schie\u00dfen sehen. Gro\u00dfes Lob geb\u00fchrt ihm f\u00fcr seine Nachwuchsarbeit vom Ausseer Land aus: Oft packt er seine Jung-Cracks zum Training in Rottenmann mit in seine Hockey-Tasche ein&#8230;<\/span><\/td>\n<\/tr>\n<tr>\n<td valign=\"TOP\" width=\"19%\" height=\"20\"><span style=\"font-family: Arial;\">Karl Gr\u00f6bl:<\/span><\/td>\n<td width=\"81%\" height=\"20\"><span style=\"font-family: Arial;\">Der Mann, der Motor. Wenn er in guter Form ist, kann er der Mannschaft wie ein 6. Mann sein.<\/span><span style=\"font-family: Arial;\">Er ist eigentlich der einzige von uns, der das Eislaufen wirklich von der Pieke auf richtig erlernt hat &#8211; als ehem. Zeltweger hatte er damals ja die besten Voraussetzungen (von wegen Eishalle und so). Obwohl er eigentlich ein waschechter St\u00fcrmer ist, zwingen ihn unsere h\u00e4ufigen Abwehrfehler immer wieder in die hinteren Reihen, was aber nicht zu bedeuten hat, da\u00df nur die Verteidigung sein Revier ist. Durch sein unerm\u00fcdliches Laufen und K\u00e4mpfen peitschte er uns schon oft bei verloren geglaubten Spielen nochmal so richtig nach vorne, sodass wir schon oft genug den Spiess noch umdrehen konnten.<br \/>\nSeit letzter Saison kommt der Familienvater auch in den zweifelhaften Genuss sich &#8222;Trainer des RHC&#8220; zu r\u00fchmen.<\/span><\/td>\n<\/tr>\n<tr>\n<td valign=\"TOP\" width=\"19%\" height=\"20\"><span style=\"font-family: Arial;\">Raimund Medosch:<\/span><\/td>\n<td width=\"81%\" height=\"20\"><span style=\"font-family: Arial;\">Von wegen alle Friseure sind lauwarme Plastik-Tunten &#8211; Dieser Mann ist die Abgebr\u00fchtheit in Person!!!<br \/>\nSicher der kaltschn\u00e4uzigtse unter unseren St\u00fcrmern wechselt er meist mit mir die rechte St\u00fcrmer-Position. Der Spiel-\u00dcberblick, die hohe Chancenausbeute und der Wiener Schm\u00e4h sind seine herausragenden Eigenschaften. Mit Erich seit Beginn an beim RHC dabei haben sie schon viele Generationen von Eishockeyspr\u00f6\u00dflingen kommen und gehen sehen&#8230; \ud83d\ude09<\/span><\/td>\n<\/tr>\n<tr>\n<td valign=\"TOP\" width=\"19%\" height=\"20\"><span style=\"font-family: Arial;\">Thomas Ploder:<\/span><\/td>\n<td width=\"81%\" height=\"20\"><span style=\"font-family: Arial;\">Kampfpilot SAAB 105 &#8211; zeigt immer wieder am Eis, was unsere Jungs bei der \u00f6sterreichischen Air-Force lernen. Ein \u00c4sthet am Eis ist unser Mann f\u00fcr\u00b4s Bully, der uns schon allzuoft mit den sch\u00f6nsten Passes bediente&#8230;<\/span><\/td>\n<\/tr>\n<tr>\n<td valign=\"TOP\" width=\"19%\" height=\"20\"><span style=\"font-family: Arial;\">Klaus Wegscheider:<\/span><\/td>\n<td width=\"81%\" height=\"20\"><span style=\"font-family: Arial;\">Die k\u00f6rperlichen Voraussetzungen sind bei ihm ideal: regelm\u00e4\u00dfiger Fitness-Studio Besucher, gute Reaktion und Durchsetzungsverm\u00f6gen machten ihn zu einem unverzichtbaren Mitspieler. &#8222;Machten&#8220; deshalb weil er irgendwie (famili\u00e4re Gr\u00fcnde) im Laufe der letzten Saison aus unserem Eishockeyleben schied. Vielleicht packt ihn ja wieder kommenden Herbst der Bi\u00df &#8211; wir w\u00fcrden uns freuen&#8230;<\/span><\/td>\n<\/tr>\n<tr>\n<td valign=\"TOP\" width=\"19%\" height=\"20\"><span style=\"font-family: Arial;\">Charly Peuerl (Pr\u00e4s.)<\/span><\/td>\n<td width=\"81%\" height=\"20\"><span style=\"font-family: Arial;\">Unsa PR\u00c4SI! Als Barkeeper im Caf\u00e9 NEW YORK in Rottenmann, ist ER unser Geldgeber und Mentor. Ein eigener RHC-Stammtisch ziert seine Lokalit\u00e4t, der schon bei so mancher Feier auf seine Festigkeit gepr\u00fcft wurde.<br \/>\nEr ist es auch, der uns jedes Jahr sein Gem\u00e4uer zur Verf\u00fcgung stellt, um unsere Faschingsbar namens &#8222;EISBAR&#8220; durchzuziehen. Jeden Fasching ist hier ohne Untertreibung die H\u00f6lle los und deswegen auch f\u00fcr uns Liezener immer ein guter Grund mindestens einen Tag des wertvollen Faschingswochenendes in Rottemnann zu verbringen!<\/span><\/td>\n<\/tr>\n<tr>\n<td valign=\"TOP\" width=\"19%\" height=\"20\"><span style=\"font-family: Arial;\">Thomas Steibl:<\/span><\/td>\n<td width=\"81%\" height=\"20\"><span style=\"font-family: Arial;\">Stabil, Staberl oder seit seinem ersten regul\u00e4ren Saisontreffer letzte Saison: STABILOV<br \/>\nViele Namen und mindestens genausoviele Facetten weist der k\u00f6rperlich in die Jahre gekommene 30?-j\u00e4hrige Rottenmanner auf &#8211; positive wie negative<\/span><span style=\"font-family: Arial;\">negative: durch seine schiere Antriebslosigkeit am Eis, bei der sich selbst der Torpfosten oft schneller zu bewegen scheint, treibt er die restlichen Mitspieler oft zur Wei\u00dfglut. Ihm gelingt es dennoch immer wieder uns davon zu \u00fcberzeugen, dass nicht ER Schuld an eventuellen Puckverlusten tr\u00e4gt, sondern immer widrige Umwelteinfl\u00fcsse (\u00e0 la: &#8222;Da Schiri wor ma im Weg!&#8220;, &#8222;Wenn i den dawisch, der meine Schuach heit g\u00b4schliffen hot&#8230;)<\/span><span style=\"font-family: Arial;\">positive: genau das Gegenteil ist aber abseits des Eises der Fall:<br \/>\nimmer der Schnellste, wenn\u00b4s darum geht Runden zu bestellen oder als Letzter mit dem Wirt ein Lokal zu verlassen. Man k\u00f6nnte es auch so interpretieren, dass er sich seine Kondition f\u00fcr die wirklich wichtigen Dinge im Leben aufspart&#8230;<\/span><\/p>\n<p><span style=\"font-family: Arial;\">Als Organisator von Freundschaftspielen geb\u00fchrt ihm ebenfalls dickes Lob.<\/span><\/td>\n<\/tr>\n<tr>\n<td valign=\"TOP\" width=\"19%\" height=\"20\"><span style=\"font-family: Arial;\">Erich Volk:<\/span><\/td>\n<td width=\"81%\" height=\"20\"><span style=\"font-family: Arial;\">Apropos Organisator&#8230;bei diesem Wort nicht sofort an unseren Oberchef zu Denken w\u00e4re frevelhaft!<\/span><span style=\"font-family: Arial;\">Nicht zuletzt auf sein Engagement hin sind ihm die weit und breit coolsten Team-Dressen zu verdanken. S\u00e4mtl. Feiern und die Organisation der Faschingsbar sind seine Verdienste, fernab vom Hockey-Feld. Mit schon etwas l\u00e4dierten Knien, aber ungebrochenem Spa\u00df am Sport zieht der gestandene Verteidiger als letzter Mann seine Runden.<\/span><\/p>\n<p><span style=\"font-family: Arial;\">Weniger seine Schnelligkeit, aber vielmehr die \u00dcbersicht, Spielverst\u00e4ndnis und Puckkontrolle zeichnen ihen aus, soda\u00df schon allzu oft ein gegnerischer St\u00fcrmer ins Leere fuhr&#8230;<\/span><\/td>\n<\/tr>\n<tr>\n<td valign=\"TOP\" width=\"19%\" height=\"20\"><span style=\"font-family: Arial;\">Helmut Wegscheider:<\/span><\/td>\n<td width=\"81%\" height=\"20\"><span style=\"font-family: Arial;\">Ein &#8222;Stierler&#8220; par excellence! Mit wenig Technik aber umso mehr Puckgl\u00fcck gelingt es ihm immer wieder entscheidende Passes zu geben oder wichtige Tore zu erzielen&#8230;<\/span><\/td>\n<\/tr>\n<tr>\n<td valign=\"TOP\" width=\"19%\" height=\"20\"><span style=\"font-family: Arial;\">H\u00f6rb:<\/span><\/td>\n<td width=\"81%\" height=\"20\"><span style=\"font-family: Arial;\">Eigentlich unser DJ vom Dienst (DVD) mit vielen Nehmer und noch mehr Geber-Qualit\u00e4ten am Eis. Mit etwas mehr Training wird er \u00fcber sein Rohdiamanten-Stadium hinauswachsen und sicher noch eine der tragenden S\u00e4ulen des RHC werden&#8230;<\/span><\/td>\n<\/tr>\n<tr>\n<td valign=\"TOP\" width=\"19%\" height=\"20\"><span style=\"font-family: Arial;\">oui, c\u00b4est moi!<\/span><\/td>\n<td width=\"81%\" height=\"20\"><span style=\"font-family: Arial;\">Tja, leider technische Defizite, die ich durch Spritzigkeit, Einsatz und Ausdauer versuche zu vertuschen&#8230;<\/span><\/td>\n<\/tr>\n<\/tbody>\n<\/table>\n<p>&nbsp;<\/p>\n","protected":false},"excerpt":{"rendered":"<p>REDMAN HOCKEY CRACKS 98\/99 &nbsp; &nbsp; Die REDMAN HOCKEY CRACKS in der Besetzung 98\/99von rechts vorne nach links hinten: Harri: \u00a0Hoffnungstr\u00e4ger unserer Nachwuchsarbeit; Verteidiger; Top-Kondi&#8230; Gastspieler:\u00a0 \u00a0Nachwuchstalent, das sich leider viel zu selten die Ehre gab&#8230; Sepp Pitscheider: Normalerweise unser Goalie, bis er fand er k\u00f6nnte bei einem anderen Verein sein Talent verbessern. &#8222;Gut f\u00fcr uns&#8220; dachten wir, denn ein Goalie auf permanentem Trainingslager kann jede Mannschaft gut gebrauchen. Leider kam es dann zu terminlichen Diskrepanzen was den n\u00e4chsten Mann auf den Plan rief: Patrik Kury: Liezener und sehr guter<\/p>\n","protected":false},"author":1,"featured_media":0,"parent":5154,"menu_order":4,"comment_status":"open","ping_status":"closed","template":"","meta":{"footnotes":""},"class_list":["post-5163","page","type-page","status-publish","hentry"],"yoast_head":"<!-- This site is optimized with the Yoast SEO plugin v26.4 - https:\/\/yoast.com\/wordpress\/plugins\/seo\/ -->\n<title>RHC-Saison 98\/99 - Alexander Rob\u00e9<\/title>\n<meta name=\"robots\" content=\"index, follow, max-snippet:-1, max-image-preview:large, max-video-preview:-1\" \/>\n<link rel=\"canonical\" href=\"https:\/\/www.robe.world\/lex\/freizeit\/eishockey\/rhc-redmen-hockey-cracks\/rhc-9899\/\" \/>\n<meta property=\"og:locale\" content=\"de_DE\" \/>\n<meta property=\"og:type\" content=\"article\" \/>\n<meta property=\"og:title\" content=\"RHC-Saison 98\/99 - Alexander Rob\u00e9\" \/>\n<meta property=\"og:description\" content=\"REDMAN HOCKEY CRACKS 98\/99 &nbsp; &nbsp; Die REDMAN HOCKEY CRACKS in der Besetzung 98\/99von rechts vorne nach links hinten: Harri: \u00a0Hoffnungstr\u00e4ger unserer Nachwuchsarbeit; Verteidiger; Top-Kondi&#8230; Gastspieler:\u00a0 \u00a0Nachwuchstalent, das sich leider viel zu selten die Ehre gab&#8230; Sepp Pitscheider: Normalerweise unser Goalie, bis er fand er k\u00f6nnte bei einem anderen Verein sein Talent verbessern. &#8222;Gut f\u00fcr uns&#8220; dachten wir, denn ein Goalie auf permanentem Trainingslager kann jede Mannschaft gut gebrauchen. Leider kam es dann zu terminlichen Diskrepanzen was den n\u00e4chsten Mann auf den Plan rief: Patrik Kury: Liezener und sehr guter\" \/>\n<meta property=\"og:url\" content=\"https:\/\/www.robe.world\/lex\/freizeit\/eishockey\/rhc-redmen-hockey-cracks\/rhc-9899\/\" \/>\n<meta property=\"og:site_name\" content=\"Alexander Rob\u00e9\" \/>\n<meta property=\"article:publisher\" content=\"https:\/\/www.facebook.com\/lexrobe\" \/>\n<meta property=\"article:modified_time\" content=\"2018-10-10T03:50:24+00:00\" \/>\n<meta property=\"og:image\" content=\"http:\/\/lex.robe.world\/images\/hockey\/rottenmann.jpg\" \/>\n<meta name=\"twitter:label1\" content=\"Gesch\u00e4tzte Lesezeit\" \/>\n\t<meta name=\"twitter:data1\" content=\"5\u00a0Minuten\" \/>\n<script type=\"application\/ld+json\" class=\"yoast-schema-graph\">{\"@context\":\"https:\/\/schema.org\",\"@graph\":[{\"@type\":\"WebPage\",\"@id\":\"https:\/\/www.robe.world\/lex\/freizeit\/eishockey\/rhc-redmen-hockey-cracks\/rhc-9899\/\",\"url\":\"https:\/\/www.robe.world\/lex\/freizeit\/eishockey\/rhc-redmen-hockey-cracks\/rhc-9899\/\",\"name\":\"RHC-Saison 98\/99 - Alexander Rob\u00e9\",\"isPartOf\":{\"@id\":\"https:\/\/www.robe.world\/lex\/#website\"},\"primaryImageOfPage\":{\"@id\":\"https:\/\/www.robe.world\/lex\/freizeit\/eishockey\/rhc-redmen-hockey-cracks\/rhc-9899\/#primaryimage\"},\"image\":{\"@id\":\"https:\/\/www.robe.world\/lex\/freizeit\/eishockey\/rhc-redmen-hockey-cracks\/rhc-9899\/#primaryimage\"},\"thumbnailUrl\":\"http:\/\/lex.robe.world\/images\/hockey\/rottenmann.jpg\",\"datePublished\":\"2013-10-19T08:30:29+00:00\",\"dateModified\":\"2018-10-10T03:50:24+00:00\",\"breadcrumb\":{\"@id\":\"https:\/\/www.robe.world\/lex\/freizeit\/eishockey\/rhc-redmen-hockey-cracks\/rhc-9899\/#breadcrumb\"},\"inLanguage\":\"de\",\"potentialAction\":[{\"@type\":\"ReadAction\",\"target\":[\"https:\/\/www.robe.world\/lex\/freizeit\/eishockey\/rhc-redmen-hockey-cracks\/rhc-9899\/\"]}]},{\"@type\":\"ImageObject\",\"inLanguage\":\"de\",\"@id\":\"https:\/\/www.robe.world\/lex\/freizeit\/eishockey\/rhc-redmen-hockey-cracks\/rhc-9899\/#primaryimage\",\"url\":\"http:\/\/lex.robe.world\/images\/hockey\/rottenmann.jpg\",\"contentUrl\":\"http:\/\/lex.robe.world\/images\/hockey\/rottenmann.jpg\"},{\"@type\":\"BreadcrumbList\",\"@id\":\"https:\/\/www.robe.world\/lex\/freizeit\/eishockey\/rhc-redmen-hockey-cracks\/rhc-9899\/#breadcrumb\",\"itemListElement\":[{\"@type\":\"ListItem\",\"position\":1,\"name\":\"Home\",\"item\":\"https:\/\/www.robe.world\/lex\/\"},{\"@type\":\"ListItem\",\"position\":2,\"name\":\"Freizeit\",\"item\":\"https:\/\/www.robe.world\/lex\/freizeit\/\"},{\"@type\":\"ListItem\",\"position\":3,\"name\":\"Eishockey\",\"item\":\"https:\/\/www.robe.world\/lex\/freizeit\/eishockey\/\"},{\"@type\":\"ListItem\",\"position\":4,\"name\":\"RHC &#8211; Redmen Hockey Cracks\",\"item\":\"https:\/\/www.robe.world\/lex\/freizeit\/eishockey\/rhc-redmen-hockey-cracks\/\"},{\"@type\":\"ListItem\",\"position\":5,\"name\":\"RHC-Saison 98\/99\"}]},{\"@type\":\"WebSite\",\"@id\":\"https:\/\/www.robe.world\/lex\/#website\",\"url\":\"https:\/\/www.robe.world\/lex\/\",\"name\":\"Alexander Rob\u00e9\",\"description\":\"blogging since 1997\",\"potentialAction\":[{\"@type\":\"SearchAction\",\"target\":{\"@type\":\"EntryPoint\",\"urlTemplate\":\"https:\/\/www.robe.world\/lex\/?s={search_term_string}\"},\"query-input\":{\"@type\":\"PropertyValueSpecification\",\"valueRequired\":true,\"valueName\":\"search_term_string\"}}],\"inLanguage\":\"de\"}]}<\/script>\n<!-- \/ Yoast SEO plugin. -->","yoast_head_json":{"title":"RHC-Saison 98\/99 - Alexander Rob\u00e9","robots":{"index":"index","follow":"follow","max-snippet":"max-snippet:-1","max-image-preview":"max-image-preview:large","max-video-preview":"max-video-preview:-1"},"canonical":"https:\/\/www.robe.world\/lex\/freizeit\/eishockey\/rhc-redmen-hockey-cracks\/rhc-9899\/","og_locale":"de_DE","og_type":"article","og_title":"RHC-Saison 98\/99 - Alexander Rob\u00e9","og_description":"REDMAN HOCKEY CRACKS 98\/99 &nbsp; &nbsp; Die REDMAN HOCKEY CRACKS in der Besetzung 98\/99von rechts vorne nach links hinten: Harri: \u00a0Hoffnungstr\u00e4ger unserer Nachwuchsarbeit; Verteidiger; Top-Kondi&#8230; Gastspieler:\u00a0 \u00a0Nachwuchstalent, das sich leider viel zu selten die Ehre gab&#8230; Sepp Pitscheider: Normalerweise unser Goalie, bis er fand er k\u00f6nnte bei einem anderen Verein sein Talent verbessern. &#8222;Gut f\u00fcr uns&#8220; dachten wir, denn ein Goalie auf permanentem Trainingslager kann jede Mannschaft gut gebrauchen. Leider kam es dann zu terminlichen Diskrepanzen was den n\u00e4chsten Mann auf den Plan rief: Patrik Kury: Liezener und sehr guter","og_url":"https:\/\/www.robe.world\/lex\/freizeit\/eishockey\/rhc-redmen-hockey-cracks\/rhc-9899\/","og_site_name":"Alexander Rob\u00e9","article_publisher":"https:\/\/www.facebook.com\/lexrobe","article_modified_time":"2018-10-10T03:50:24+00:00","og_image":[{"url":"http:\/\/lex.robe.world\/images\/hockey\/rottenmann.jpg","type":"","width":"","height":""}],"twitter_misc":{"Gesch\u00e4tzte Lesezeit":"5\u00a0Minuten"},"schema":{"@context":"https:\/\/schema.org","@graph":[{"@type":"WebPage","@id":"https:\/\/www.robe.world\/lex\/freizeit\/eishockey\/rhc-redmen-hockey-cracks\/rhc-9899\/","url":"https:\/\/www.robe.world\/lex\/freizeit\/eishockey\/rhc-redmen-hockey-cracks\/rhc-9899\/","name":"RHC-Saison 98\/99 - Alexander Rob\u00e9","isPartOf":{"@id":"https:\/\/www.robe.world\/lex\/#website"},"primaryImageOfPage":{"@id":"https:\/\/www.robe.world\/lex\/freizeit\/eishockey\/rhc-redmen-hockey-cracks\/rhc-9899\/#primaryimage"},"image":{"@id":"https:\/\/www.robe.world\/lex\/freizeit\/eishockey\/rhc-redmen-hockey-cracks\/rhc-9899\/#primaryimage"},"thumbnailUrl":"http:\/\/lex.robe.world\/images\/hockey\/rottenmann.jpg","datePublished":"2013-10-19T08:30:29+00:00","dateModified":"2018-10-10T03:50:24+00:00","breadcrumb":{"@id":"https:\/\/www.robe.world\/lex\/freizeit\/eishockey\/rhc-redmen-hockey-cracks\/rhc-9899\/#breadcrumb"},"inLanguage":"de","potentialAction":[{"@type":"ReadAction","target":["https:\/\/www.robe.world\/lex\/freizeit\/eishockey\/rhc-redmen-hockey-cracks\/rhc-9899\/"]}]},{"@type":"ImageObject","inLanguage":"de","@id":"https:\/\/www.robe.world\/lex\/freizeit\/eishockey\/rhc-redmen-hockey-cracks\/rhc-9899\/#primaryimage","url":"http:\/\/lex.robe.world\/images\/hockey\/rottenmann.jpg","contentUrl":"http:\/\/lex.robe.world\/images\/hockey\/rottenmann.jpg"},{"@type":"BreadcrumbList","@id":"https:\/\/www.robe.world\/lex\/freizeit\/eishockey\/rhc-redmen-hockey-cracks\/rhc-9899\/#breadcrumb","itemListElement":[{"@type":"ListItem","position":1,"name":"Home","item":"https:\/\/www.robe.world\/lex\/"},{"@type":"ListItem","position":2,"name":"Freizeit","item":"https:\/\/www.robe.world\/lex\/freizeit\/"},{"@type":"ListItem","position":3,"name":"Eishockey","item":"https:\/\/www.robe.world\/lex\/freizeit\/eishockey\/"},{"@type":"ListItem","position":4,"name":"RHC &#8211; Redmen Hockey Cracks","item":"https:\/\/www.robe.world\/lex\/freizeit\/eishockey\/rhc-redmen-hockey-cracks\/"},{"@type":"ListItem","position":5,"name":"RHC-Saison 98\/99"}]},{"@type":"WebSite","@id":"https:\/\/www.robe.world\/lex\/#website","url":"https:\/\/www.robe.world\/lex\/","name":"Alexander Rob\u00e9","description":"blogging since 1997","potentialAction":[{"@type":"SearchAction","target":{"@type":"EntryPoint","urlTemplate":"https:\/\/www.robe.world\/lex\/?s={search_term_string}"},"query-input":{"@type":"PropertyValueSpecification","valueRequired":true,"valueName":"search_term_string"}}],"inLanguage":"de"}]}},"_links":{"self":[{"href":"https:\/\/www.robe.world\/lex\/wp-json\/wp\/v2\/pages\/5163","targetHints":{"allow":["GET"]}}],"collection":[{"href":"https:\/\/www.robe.world\/lex\/wp-json\/wp\/v2\/pages"}],"about":[{"href":"https:\/\/www.robe.world\/lex\/wp-json\/wp\/v2\/types\/page"}],"author":[{"embeddable":true,"href":"https:\/\/www.robe.world\/lex\/wp-json\/wp\/v2\/users\/1"}],"replies":[{"embeddable":true,"href":"https:\/\/www.robe.world\/lex\/wp-json\/wp\/v2\/comments?post=5163"}],"version-history":[{"count":3,"href":"https:\/\/www.robe.world\/lex\/wp-json\/wp\/v2\/pages\/5163\/revisions"}],"predecessor-version":[{"id":6368,"href":"https:\/\/www.robe.world\/lex\/wp-json\/wp\/v2\/pages\/5163\/revisions\/6368"}],"up":[{"embeddable":true,"href":"https:\/\/www.robe.world\/lex\/wp-json\/wp\/v2\/pages\/5154"}],"wp:attachment":[{"href":"https:\/\/www.robe.world\/lex\/wp-json\/wp\/v2\/media?parent=5163"}],"curies":[{"name":"wp","href":"https:\/\/api.w.org\/{rel}","templated":true}]}}